43 a multiple of 19?
True
Does 282 divide 61300263?
False
Is 492 a factor of 144605688?
True
Is 48 a factor of 54148080?
True
Does 33 divide 2357256?
True
Is 3 a factor of 8907461?
False
Is 2 a factor of 164301102?
True
Is 397931760 a multiple of 670?
True
Is 122435940 a multiple of 44?
True
Is 1146 a factor of 141690294?
True
Is 47 a factor of 95931559?
True
Is 3237522720 a multiple of 3572?
False
Does 146 divide 580648486?
False
Is 331079628 a multiple of 93?
True
Does 2674 divide 165245307?
False
Is 12947231 a multiple of 79?
True
Is 337 a factor of 39403725?
True
Is 439673488 a multiple of 439?
False
Does 133 divide 29231755?
False
Does 3 divide 41208884?
False
Is 535 a factor of 163376695?
True
Is 2036210664 a multiple of 1857?
False
Is 595874032 a multiple of 1637?
False
Does 127 divide 180935601?
False
Does 621 divide 359409960?
True
Is 211 a factor of 9786180?
True
Is 37459296 a multiple of 306?
True
Is 1427128631 a multiple of 12810?
False
Is 369 a factor of 140290042?
False
Does 11 divide 119193547?
True
Is 22 a factor of 1956553434?
True
Is 12383719 a multiple of 54?
False
Does 30 divide 89880570?
True
Is 11 a factor of 98880419?
True
Is 215 a factor of 38114340?
True
Is 162 a factor of 25704378?
True
Is 9176174 a multiple of 18?
False
Is 2529635310 a multiple of 68?
False
Is 18461587 a multiple of 304?
False
Is 67 a factor of 876737018?
False
Is 505366492 a multiple of 54?
False
Is 91963409 a multiple of 39?
False
Is 110389418 a multiple of 14?
False
Is 15010884 a multiple of 4?
True
Does 4741 divide 782953471?
False
Is 570 a factor of 17752705?
False
Is 12914261 a multiple of 5?
False
Is 180427702 a multiple of 1018?
False
Is 2120 a factor of 48492880?
True
Is 1526 a factor of 2236515564?
False
Is 711490145 a multiple of 9145?
True
Is 34 a factor of 13994351?
False
Does 14 divide 578410?
True
Does 1897 divide 30190746?
False
Is 67547584 a multiple of 38?
True
Does 615 divide 139152360?
True
Is 2672463524 a multiple of 15?
False
Is 111856001 a multiple of 3?
False
Is 3334657 a multiple of 370?
False
Is 17345701 a multiple of 4?
False
Does 141 divide 5872706964?
True
Is 64295485 a multiple of 28?
False
Is 24 a factor of 199459758?
False
Is 2639525 a multiple of 5?
True
Is 1101 a factor of 133179516?
False
Is 574 a factor of 448727863?
False
Does 85 divide 85002805?
True
Is 1990351764 a multiple of 114?
True
Is 145 a factor of 1759140?
True
Is 11 a factor of 105542?
False
Is 874026144 a multiple of 8018?
True
Is 1687 a factor of 228761888?
False
Does 76 divide 19496812?
True
Is 699158875 a multiple of 3137?
True
Is 170 a factor of 9508270?
True
Does 150 divide 102696417?
False
Does 29 divide 174317521?
True
Is 37311069 a multiple of 761?
True
Is 544335113 a multiple of 14?
False
Is 6771138 a multiple of 98?
False
Is 347091752 a multiple of 763?
True
Is 81311472 a multiple of 1188?
True
Is 2350559145 a multiple of 2189?
True
Is 92359001 a multiple of 71?
True
Is 18717134 a multiple of 350?
False
Is 869 a factor of 656712719?
False
Is 16 a factor of 35018720?
True
Does 6306 divide 790838751?
False
Does 1302 divide 106579380?
False
Is 34659938 a multiple of 228?
False
Is 704 a factor of 79845568?
True
Is 395 a factor of 456596695?
True
Is 11 a factor of 32091569?
False
Is 207 a factor of 343978317?
True
Is 473213412 a multiple of 85?
False
Is 85948614 a multiple of 162?
True
Does 63 divide 48482280?
True
Does 62 divide 156552666?
True
Does 815 divide 2102449347?
False
Is 105230150 a multiple of 4282?
True
Does 298 divide 3432042?
False
Is 576876936 a multiple of 331?
False
Is 52290550 a multiple of 47?
False
Does 53 divide 24946782?
True
Is 19090443 even?
False
Does 572 divide 35781460?
True
Is 20 a factor of 18309370?
False
Is 123 a factor of 322014?
True
Is 77588512 a multiple of 1808?
True
Is 1365 a factor of 156702000?
True
Is 615898332 a multiple of 63?
True
Is 12712094 a multiple of 81?
False
Is 11 a factor of 5328543?
True
Is 536 a factor of 167444513?
False
Is 95 a factor of 45111985?
True
Is 1575 a factor of 587762036?
False
Does 79 divide 233876498?
True
Is 39 a factor of 45515184?
True
Is 19 a factor of 488838004?
True
Is 896 a factor of 329258496?
True
Is 471 a factor of 15683399?
False
Is 740 a factor of 12828640?
True
Is 503670017 a multiple of 83?
False
Is 196 a factor of 20719113?
False
Is 1410 a factor of 774747641?
False
Does 117 divide 167939694?
True
Is 20749276 a multiple of 39?
False
Does 757 divide 18430291?
False
Is 1394 a factor of 33479870?
False
Is 1363960218 a multiple of 1237?
False
Is 111 a factor of 708714689?
False
Is 422 a factor of 25781720?
False
Is 58423534 a multiple of 588?
False
Is 309515584 a multiple of 1238?
False
Is 1103 a factor of 346389456?
False
Is 175 a factor of 1128224125?
True
Does 308 divide 852664736?
True
Is 359406311 a multiple of 118?
False
Is 540765334 a multiple of 11?
False
Is 106 a factor of 56779854?
True
Does 1033 divide 568236772?
True
Is 1496 a factor of 2689287392?
True
Does 3994 divide 43870096?
True
Is 1128894962 a multiple of 34?
True
Is 868 a factor of 417892020?
False
Is 72361267 a multiple of 492?
False
Is 12 a factor of 19099150?
False
Is 1311150662 a multiple of 303?
False
Is 51 a factor of 140187620?
False
Does 611 divide 22393761?
True
Does 87 divide 1948403669?
False
Does 475 divide 26129750?
True
Is 13 a factor of 358324837?
True
Does 671 divide 328193481?
True
Is 946323143 a multiple of 939?
False
Is 870 a factor of 119920800?
True
Is 646739232 a multiple of 4721?
True
Is 2 a factor of 2752192?
True
Is 11 a factor of 1098405?
True
Is 39 a factor of 35330873?
False
Does 2 divide 2433760?
True
Does 34 divide 947053418?
False
Does 15 divide 41166750?
True
Is 2362 a factor of 407496125?
False
Does 6547 divide 197786284?
False
Is 106 a factor of 364483438?
True
Is 34624212 a multiple of 98?
False
Is 38 a factor of 6461280372?
True
Is 164 a factor of 41557168?
False
Is 184046600 a multiple of 25?
True
Is 2660222160 a multiple of 1341?
True
Is 2877043003 a multiple of 16?
False
Is 316 a factor of 160205364?
True
Is 2019924 a multiple of 9?
True
Is 114724368 a multiple of 72?
True
Is 503678268 a multiple of 5473?
False
Is 95997679 a multiple of 1388?
False
Is 803 a factor of 752557068?
False
Does 771 divide 22636703?
False
Is 177710960 a multiple of 56?
True
Does 1276 divide 67269444?
True
Is 13 a factor of 834128646?
True
Is 207287466 a multiple of 219?
False
Is 2 a factor of 1616514?
True
Does 174 divide 342315072?
True
Is 697798176 a multiple of 10165?
False
Does 4315 divide 1210232372?
False
Does 54 divide 18527361?
False
Is 160 a factor of 32961593?
False
Is 2316 a factor of 1422208900?
False
Is 4 a factor of 35587270?
False
Is 58668834 a multiple of 42?
True
Is 506 a factor of 2598371732?
True
Is 198 a factor of 473819544?
True
Is 167165305 a multiple of 1550?
False
Is 681772440 a multiple of 380?
True
Does 3 divide 260071968?
True
Is 2444720904 a multiple of 34?
True
Is 7 a factor of 585738500?
False
Does 3716 divide 1141110915?
False
Is 546898275 a multiple of 525?
True
Is 105 a factor of 1968067452?
False
Is 186405716 a multiple of 46?
False
Is 20 a factor of 92393343?
False
Is 83 a factor of 1029998792?
True
Is 76 a factor of 949568547?
False
Is 39176290 a multiple of 1813?
False
Is 63 a factor of 8397459?
True
Is 692 a factor of 25225300?
False
Is 22060233 a multiple of 321?
False
Is 148 a factor of 119901149?
False
Is 89 a factor of 515750406?
False
Is 1095732052 a multiple of 100?
False
Is 3632091048 a multiple of 1078?
False
Does 31 divide 17684826?
False
Is 34 a factor of 3031535902?
False
Is 51200593 a multiple of 1471?
False
Does 118 divide 3969019178?
False
Does 2471 divide 794710665?
True
Does 16 divide 950351517?
False
Is 393 a factor of 1980231353?
False
Is 3432 a factor of 79728538?
False
Is 2 a factor of 209579431?
False
Is 1083872683 a multiple of 2005?
False
Is 2561922635 a multiple of 580?
False
Is 268690780 a multiple of 380?
True
Is 123624060 a multiple of 6?
True
Does 1653 divide 68019297?
True
Does 20 divide 26723193?
False
Is 4549306 a multiple of 2?
True
Does 451 divide 1195986154?
True
Does 16 divide 6905212317?
False
Is 15 a factor of 116470770?
True
Does 2786 divide 12414416?
True
Is 164 a factor of 424357436?
False
Does 4537 di